3
Let b(c) = 27*c. Let t be b(-8). Let m = -199 - t. Let k = -62 - -181. Calculate the greatest common factor of m and k.
17
Let k be 8 - 21 - (-2574)/66. Let d be (1*12 - -1) + 0. Calculate the highest common factor of d and k.
13
Let v be (-5)/(-3)*6525/125. What is the greatest common factor of 1827 and v?
87
Suppose -9*c + 4*c = -n - 2628, 2*c = n + 1053. Let x = c + -126. Calculate the highest common factor of x and 63.
21
Let j(v) = 4*v**3 - 56*v + 3. Let s be j(-8). Let p = s - -3005. Calculate the greatest common factor of 44 and p.
44
Suppose 2226*r + 1814 = 7*g + 2225*r, 0 = -3*g - 2*r + 792. What is the greatest common factor of g and 208?
52
Let h be (715/195)/(8/(-26) - (-3)/9). Calculate the greatest common divisor of 2249 and h.
13
Suppose 60 = 4*w - 0*w. Suppose -9*k + 104 + 364 = 0. Let c = 217 - k. What is the greatest common factor of w and c?
15
Let x(s) = -s**3 + 48*s**2 + 153*s + 78. Let d be x(51). Calculate the highest common divisor of d and 2067.
39
Let b(y) = 658*y - 1802. Let f be b(3). What is the greatest common divisor of 18490 and f?
86
Let q(v) = 2*v**3 - 94*v**2 + 21*v - 892. Let y be q(47). What is the greatest common factor of 152 and y?
19
Suppose -b + p = 2*b - 59, 2*b - p = 39. Let r be (0/1)/(-5) + b/1. What is the highest common divisor of 180 and r?
20
Suppose -615 = -41*h + 2611 + 300. What is the highest common divisor of 6407 and h?
43
Suppose -1001700 = -147*b + 21*b. Calculate the highest common divisor of b and 477.
159
Let f(d) = d**3 - 14*d**2 + 29*d - 36. Let q be (14/35)/1*30. Let r be f(q). Let h = 7 - -17. What is the highest common factor of h and r?
24
Let y be 2/4 - (-598)/4. Let w = 5796 - 5790. What is the highest common divisor of y and w?
6
Suppose 6*p + 2880 = -9*p. Let z = 479 + p. What is the greatest common factor of z and 7?
7
Let i be (-4 + 10/4)*(-8)/6. Suppose 4*o - 4*c = 696, 4*o - 73 = -i*c + 635. Calculate the greatest common divisor of 16 and o.
16
Let g be 89/(-356) + 327/12. Calculate the highest common divisor of g and 504.
9
Let f be (-1)/23 - (-130306748)/12052. Calculate the greatest common divisor of f and 204.
204
Suppose -282 + 127 = -5*c. What is the greatest common divisor of 3007 and c?
31
Suppose 525*y = 521*y + 80. Calculate the highest common divisor of 2700 and y.
20
Let i(b) = 17*b - 1. Let y be i(2). Let h = -39 + y. Let j be (66/4)/(h/(-8)). What is the greatest common divisor of 22 and j?
22
Suppose -8884 = -93*v + 1816 + 28174. What is the highest common factor of 38 and v?
38
Let b = 13 + -30. Let r = b - -37. Let x(j) = 205*j**2 + 5*j. Let f be x(-1). Calculate the highest common divisor of f and r.
20
Let b be (-1)/(-3) - (-13 + (-60)/36). Suppose -144 = -5*l - 3*j, l + 2*j - 6*j - b = 0. What is the greatest common factor of 81 and l?
27
Suppose 3*j = 4*o - 41350, 6727 + 13947 = 2*o - j. Calculate the highest common factor of 68 and o.
68
Suppose 2 = -j + 134. Suppose -r + 150 = -2*t, r = t + 15 + j. Suppose -k - k + 36 = 0. What is the greatest common divisor of k and r?
18
Suppose -101 = -24*p + 43. Suppose -p + 21 = 2*s - 3*x, 2*s - 4*x - 18 = 0. Let h = -9 - -15. Calculate the greatest common factor of s and h.
3
Suppose 12*x = 9*x + 366. Let l(a) = 3*a**3 - 47*a**2 - 54*a + 67. Let u be l(17). What is the greatest common divisor of x and u?
61
Suppose -6010*m + 6037*m - 134001 = 0. What is the highest common factor of m and 7?
7
Let s be (176/(-40))/(1/5 - 0). Let o = 15 + s. Let w = o + 64. What is the highest common factor of w and 38?
19
Let s(x) be the second derivative of -x**4/12 - 14*x**3/3 + 105*x**2 + 53*x + 1. Let b be s(-34). Calculate the highest common divisor of 156 and b.
6
Let x = 220 + -155. Let h(n) = -72*n + 204. Let a be h(-8). Calculate the greatest common divisor of a and x.
65
Let o(f) = -4*f - 62. Let h be o(-17). Let y be 9066/27 + h/27 + 0. What is the greatest common divisor of 12 and y?
12
Suppose 1029 = -76*m + 83*m. Suppose -10*k = -213 - m. Suppose -3*y + 0*l + l = -106, -10 = -5*l. Calculate the greatest common divisor of k and y.
36
Let m(r) = -r**3 - 22*r**2 + 57*r - 43. Let s be m(-24). Let a = 435 + s. What is the greatest common factor of a and 22?
22
Let c be (-3977775)/(-852) - 2/(-8). What is the greatest common factor of 644 and c?
161
Suppose 5*p + 200 = 20. Let i(y) = -29*y + 1125. Let t be i(37). Let s = t + p. Calculate the highest common factor of s and 192.
16
Let p(m) = m**3 + 13*m**2 + 4. Let i = -50 + 37. Let s be p(i). Let t = s - -121. What is the greatest common divisor of t and 25?
25
Let i = 6238 - -10274. Calculate the greatest common divisor of 6 and i.
6
Suppose 14*d = 9*d - 695. Let h = d - -148. What is the highest common factor of 15 and h?
3
Suppose -26*o = 56*o - 40186 + 10174. Calculate the highest common divisor of o and 51.
3
Let b = -553 - -1135. Suppose 427 = -5*l + i + 466, l - 3*i - 33 = 0. Calculate the highest common divisor of b and l.
6
Let t(b) = b**3 + 8*b**2 - 14*b - 92. Let n be t(-8). Let y be 3888/15 - 4/n. Calculate the highest common factor of y and 74.
37
Let d be 3 + (33 - (-3)/3). Suppose -245 = -8*t - d. Suppose 11*y = 10*y + t. What is the highest common factor of y and 117?
13
Let x(g) = g**2 + 10*g - 38. Let b = 99 + -92. Let h be x(b). Calculate the greatest common factor of 162 and h.
81
Let q(h) = -2*h**2 - 204*h - 1767. Let d be q(-92). Calculate the greatest common factor of 9052 and d.
73
Let k(v) = v**3 - 7*v**2 + 8*v - 170. Let d be k(9). Let x = 97 - 65. What is the highest common factor of d and x?
32
Let g = 422 + -374. Let t be 4/(g/(-30))*(-11 + -1). Calculate the greatest common factor of t and 6.
6
Let j(a) = 2*a**3 + 5*a**2 - 6*a. Let s be j(-3). Let z = 47 - 56. Let v be (12/(-54) - 0) + (-1055)/z. What is the highest common factor of v and s?
9
Let x = -16851 - -34463. Calculate the greatest common factor of x and 84.
28
Let a = -282 - -546. Suppose -a = -95*u + 89*u. What is the greatest common factor of 154 and u?
22
Suppose 0 = 5*p + 5*d - 22 - 3, 2*p - 5*d = -11. Let k(x) = x**3 + 13*x**2 + 35*x + 132. Let w be k(-6). What is the highest common factor of p and w?
2
Suppose -b + 3*i + 341 = 0, 0 = -108*b + 103*b - 2*i + 1790. Calculate the greatest common divisor of 890 and b.
178
Suppose -120*f + 48*f + 615733 = -53*f. Calculate the highest common divisor of 23 and f.
23
Suppose -7*g - 30*g + 11951 = 0. Calculate the greatest common divisor of g and 361.
19
Suppose -8*f - 5*f + 143 = 0. Suppose 5*t - 29 = f. Let k be -3 + (565/20 - 2/t). Calculate the highest common divisor of 200 and k.
25
Let x be (0 + -1)/(11/(-275)). Suppose 18*a - 17*a = -x. Let r be (-885)/a + 4/(-10). Calculate the greatest common divisor of 14 and r.
7
Let b(k) = 4575*k**2 - 36*k + 1. Let q be b(-2). Calculate the highest common divisor of 38 and q.
19
Let d be (9 + 10)*108/9*20/6. Calculate the highest common factor of 680 and d.
40
Let z(c) = 23*c**3 + 6*c**2 - 1. Let x(i) = 34*i**3 + 10*i**2 - 2. Let d(p) = 5*x(p) - 8*z(p). Let o be d(-1). Calculate the highest common factor of 8 and o.
2
Suppose -116*g + 110*g = -36. Let v(o) = 179*o - 9. Let c be v(g). Calculate the greatest common divisor of 15 and c.
15
Let m be (12/(-14))/(1 + (-40)/35). Let g = -1121 + 1169. What is the greatest common factor of g and m?
6
Suppose 1967*v = 1991*v - 2760. What is the highest common factor of 851 and v?
23
Let b be -4 + 9/6 - ((-1110)/4)/3. Calculate the highest common divisor of b and 3555.
45
Let h(q) = q**2 + 2*q - 69. Let i be h(23). Let n = i + -380. What is the greatest common factor of 14 and n?
14
Let w(u) = -2*u**2 - 18*u - 16. Let v(o) = 8*o**2 + 73*o + 65. Let l(c) = 2*v(c) + 9*w(c). Let b be l(-6). What is the highest common factor of b and 185?
5
Suppose -180 = -38*b - 20*b + 1560. Calculate the greatest common divisor of 74 and b.
2
Let j = -51 - -66. Suppose 16*p + j - 255 = 0. Let v be (-2)/3 + 40/6. Calculate the greatest common factor of p and v.
3
Let y(w) = 24*w - 15. Let u be y(5). Let h be 2/(-47) - (-342576)/9776. What is the highest common divisor of h and u?
35
Suppose -16*n = -7*n - 180. Suppose -2888 = -4*j - 4*f, -j + 2872 = 3*j - 4*f. Suppose -j = -l - 3*l. What is the greatest common factor of n and l?
20
Suppose 0 = -21*i - 7*i + 378